 5 - 80?
-97
(1 - -1 - 85) + -4257 + 4253 + 14
-73
What is the value of -7 - ((5 - -23) + -43 + 13)?
-5
-18 + 13 - (-106 + 106 + 1 + -2 + -43)
39
What is the value of (98 - 98) + (17 - 20 - (-80 - -2))?
75
What is the value of (-114 - -85) + 6 + -21 + -4?
-48
21 + (18 - 1) + (-404 - -399) - 20
13
-11 - -8 - (-12 + 12 - (9 - (1 + -5)))
10
What is -13 + (3 - (-52 - (0 + 0)))?
42
Evaluate 6 + 4 + (-9 + 79 - 0) + -27.
53
What is (34 - (9 - -42)) + 66 - (7 - -1)?
41
What is the value of (3 - 3) + (19 - (-24 - -26))?
17
What is the value of (-432 - -418) + -2 + 15 - -4?
3
Calculate 11 - 17 - (-64 - ((3 - 8) + 4 + -4)).
53
(8 + -22 - -4) + 3 - (1 - -12 - 13)
-7
Evaluate (-12 - 0) + 77 + -30 + -33 + 0 + 2.
4
What is the value of (-12 - -11 - -1 - -18) + 1 - 164?
-145
What is -8 - ((10 + -12 - (96 + -50)) + 0 + -3)?
43
What is the value of -39 - (-54 + (93 - 49))?
-29
What is the value of -24 + (9 - -24) + 1 + -5 + 6 + 13?
24
What is the value of (-69 - -1) + (20 + (-4 - 0) - (-285 + 295))?
-62
-12 + 0 + (-47 - (49 - 53))
-55
Calculate -7 - (-6 + 8) - (2 + 0 + -7).
-4
What is the value of (21 - 49) + 12 - (-42 - -22)?
4
What is -3 + 4 + (-37 - -51) + (-1 - 0 - 127)?
-113
(-9370 - -9358) + (-88 - -1)
-99
What is the value of ((3 - 1) + -12 + 2 - (-200 + 125)) + 3?
70
-48 + (-1 + 12 - (-17 - (-36 + 15)) - 5)
-46
Calculate 25 - ((-9 - -24) + 23) - -19.
6
Calculate (17 - (-2 - -9)) + 28 + 0 + (3 - -4).
45
Calculate 79 - 7 - (282 + -230).
20
What is 10 + -18 + 9 - 9 - 14?
-22
Calculate (-15 - -1) + -39 + -9 + -17 + 15.
-64
What is the value of 9 + (-17 - (22 - 49)) + 21?
40
What is the value of -6 + 86 + -76 + (-8 - -1) + -7?
-10
Evaluate (32 - (88 - 47)) + (-19 - -3) + -2.
-27
Calculate -3751 + 3794 + -4 + -89.
-50
Evaluate (24 - 0 - 10) + 11 + -22.
3
What is 6328 + -6331 + (-5 + 0 - -1) + 29?
22
What is -69 - -15 - -54 - -104?
104
Calculate 6 + -3 - -93 - (-25 - (3 + -37) - 7).
94
135 - -1 - (-110 + 116 + -5 + 7)
128
-42 + -13 + (-6 + 0 - -9) + 18
-34
Calculate -3 + -10 + (10 - -51) + (16 - -4).
68
What is 66 + (-35 - -18) + -1 + 2?
50
What is the value of (-1 - -2) + 23 - (28 + 54 - 88)?
30
What is -34 + 4 + -9 + (105 - 68)?
-2
Calculate -2 + (-63 - (-63 + -7) - (1 + -3 + 39)).
-32
Evaluate 0 + (-18 + 1 + 0 - (-7 + 11 + 1)).
-22
What is (25 - (15 + -4 + -6)) + -11 + 2 + 12?
23
Calculate -82 - (-2 - (7 - 4)) - (-155 + 161).
-83
What is the value of -304 + 334 - (3 + 19)?
8
Calculate 73 + 7 - (-8 - 4) - ((-3 - -1) + 2).
92
What is -26 - 5 - (-32 - 5)?
6
Calculate (-79 - (63 + -101)) + (1 - 6).
-46
Evaluate 513 + -529 + (1 - -4) + -18.
-29
Evaluate (-70 - 3) + ((8 - 6) + 27 - 16) + -2.
-62
What is the value of -137 + 38 + 69 + 37?
7
What is the value of -27 + (-45 + -32 - -80)?
-24
Evaluate -1 - (-1 - -1) - -3 - (36 + -16 - -7).
-25
Calculate ((2 - 1) + 4 - (-3 - -2)) + -279 + 273.
0
What is the value of -73 + (7 - (18 - 29 - 3))?
-52
What is the value of 22 - 2 - (-293 - -276)?
37
Calculate -41 - -31 - (-7 + 4 - 21).
14
Evaluate 238 - 13 - 109 - 200.
-84
Calculate 33 - (-22 - 24) - 59.
20
Evaluate 2 - 1 - (-23 + 22 + 68 - (-11 - 6)).
-83
What is 37 + -57 + -72 - ((5 - 0 - -5) + -4)?
-98
What is 1 - -23 - (-16 + (18 - 13) + 10)?
25
What is the value of -11 + 19 + -8 + -12 + (1 - 2)?
-13
-8 - -1 - 3 - ((7 - 21) + 4 + -1)
1
What is -3 - ((1 - (0 + 6)) + -60 + 74)?
-12
What is the value of (-80 - (68 + -94)) + 202?
148
Evaluate (7 + -6 - -12) + (201 - 236).
-22
Evaluate 147 + -120 + (-29 - -48).
46
Calculate 0 + 32 + 14 + -1 + -6.
39
Evaluate 114 + (8 + -3 - (47 + -12)).
84
What is the value of -2 - -3 - 90 - 10 - (10 - (0 - -7))?
-102
16 - (17 + -23 + -2 + 92 + -88)
20
What is -15 + (8 - -22 - 20) + (0 - 17)?
-22
Evaluate 68 + -5 + -37 - (8 - -2).
16
What is the value of 650 + -591 - ((-3 - 5) + -3)?
70
What is the value of -128 - -39 - -151 - (8 + (-2 - -2))?
54
Calculate -5 - ((6 - (25 - 9)) + 1 + 9) - 14.
-19
What is the value of -8 - (11 + -22 + 21 - (34 - 9))?
7
What is the value of (90 + 95 - 99) + -131?
-45
What is the value of -14 - (-7 + 0 - 9) - (-126 + 9)?
119
Evaluate -23261 - -23249 - (0 + (43 - 0)).
-55
What is the value of 22 + (-10 + -3 - 42) + 0 - 0?
-33
Evaluate -77 + 15 + 29 - -69.
36
Evaluate (8 + -1 - ((-4 - -12) + -4)) + (45 - -1).
49
-24 - (166 - 92 - 86)
-12
Calculate 13 + (-23 - -6) + 18 + -12 + -1 + 20.
21
Evaluate (0 - 9) + (-231 - -253).
13
Evaluate 1 + (-5 - (-50 - -4)) + (10 - 6) + -9.
37
Calculate -18 - ((13 - (106 + -19)) + 18).
38
What is the value of (11 - (-7 + 27)) + 15 + -1 + -3?
2
What is -84 + -6 - (-201 - -187)?
-76
0 - (-206 + 218 - (23 + 0))
11
Evaluate -41 + (226 - 80 - 17).
88
Evaluate -22 - 1 - (-7 - (-8 + -18 + 3 + 20)).
-19
Calculate (-2448 - -2574) + -2 + 3 + -2 + 3 + -17.
111
-133 + 214 + (-2 + -4 - (-2 + -1)) + 0
78
(10 - -5) + (-382 - -266)
-101
What is the value of 3 + 11 - (21 - (16 + -35))?
-26
What is the value of (-1 - -9) + (-35 - 7) + 19?
-15
-4 - -1 - (50 + -31) - (23 + -23 - 3)
-19
Calculate (-15 - -1) + -6 + (-20 - ((8 - 15) + -72)).
39
Evaluate 2 + -8 + -40 + 17 - (-9 - (13 - 24)).
-31
Calculate 41 - ((-55 - -33) + 59).
4
Calculate (-197 - -352) + -7 + -191.
-43
What is the value of -27 - (-56 + -15) - (0 + 18)?
26
Calculate (-37 - -26) + 17 - -22 - -4.
32
Evaluate (47 - (3 - (0 + 2))) + -11 + 32 + -19.
48
What is the value of 97 + -16 - 5 - (-61 + 43)?
94
Evaluate 198 - (201 - (-18 - -95)).
74
What is the value of -70 - ((-9 - -25) + (-23 - -3) - (2 - -7))?
-57
(16 - (52 + 33 + -23)) + (0 - -5)
-41
Evaluate (27 - (10 - (-1 - -6))) + -9 + -14.
-1
Evaluate -96 + 111 - (-5 - 22).
42
(10 - -1 - ((3 - -16) + (16 - 16))) + -66
-74
Evaluate (-32 - (8 - 52)) + 25.
37
Evaluate -87 - -57 - (-124 + 66).
28
What is 8 + 42 - (-16 + (40 - 5))?
31
Calculate -35 + 33 + -1 + -9 + -15 + -23.
-50
Evaluate 71 + -5 - 17 - (13 + 2 - 6).
40
What is the value of -9 + -4 + 2 - (517 - 522) - 39?
-45
What is the value of -18 + 18 - -23 - (7 + 2) - 1?
13
5 - (-15 - (-7 + 0 + 2 + (10 - -8)))
33
Evaluate 11 - ((33 + 40 - -7) + (3 - 15 - -3)).
-60
Calculate (29 - (-3 + 149) - -22) + 27.
-68
-62 + (73 - 5) - 23
-17
-11 + 2 + -2 + 2 + (1429 - 1423)
-3
Evaluate (-18 - (-12 + -18 + 24)) + 49 + (8 - 3).
42
7 + 1 + -3 + -36 + (84 - 31)
22
Evaluate -4 + -67 + (-2 - -3) - (8 + (1 - 21)).
-58
What is 29 - (13 - (34 + -8))?
42
(215 - 198) + -1 + 5 + 20 + -6
35
What is -6 - (18 + 1 - (124 - 163))?
-64
Calculate 22 + (26 - 65) - -31.
14
Calculate (14 - (34 - 8) - 1) + (3 - -57).
47
What is the value of -3407 + 3412 - ((5 - 0 - 2) + 15)?
-13
What is the value of 53 + 29 + -90 - -45?
37
133 - (-8383 - -8369 - (0 + (-22 - 0)))
125
-1 - (236 - 201 - (-2 + -41))
-79
Evaluate (-8 - (1 + 5)) + (-12 - (-7 - 51)).
32
Calculate 5 + -1 + (1 - -1) + (1434 - 1402).
38
Evaluate 1 + -2 - (54 + -112 + 18).
39
What is (-16 + -12 - 7) + (13 - (-12 - -26))?
-36
(-26 - -22) + 29 + (0 - -4) + 8
37
Calculate ((19 - (30 + -26)) + -25 - (-2 + 3)) + -12.
-23
What is -1 - (1 + -8) - (297 + -129 + -169) - 127?
-120
What is the value of -6 + 11 + 111 + (-19 + -32 - -40)?
105
-13 - (7 - 16) - -4 - 22
-22
What is -10 - (-187 - -118 - (-6 - 12))?
41
What is 27 + -33 - (-75 + 127)?
-58
Calculate 23 + 70 + -76 + -44.
-27
What is the value of (1 + -2 + 13 - 29 - -11) + 6 - 12?
-12
What is the value of -102 + (26 - (30 + 9 + -52))?
-63
(21 - 6) + (-19 - (6 - 14))
4
What is -2 + (-6 + 1 - -10) + -9 + (0 - -8)?
2
Evaluate 37 + (-17 + 35 - 24).
31
What is the value of (-4 - -7) + -48 + (6 - (-3 - -13))?
-49
35 + (-13 - 16) + 28
34
What is -95 + (-217 - -104) + 275?
67
Calculate 88 + 19 + -101 + -2 + 5.
9
126 + (32 - (4 + 11) - 15) - 19
109
Evaluate -11 - -15 - ((79 - -15) + -31).
-59
Evaluate -29 - 13 - (-96 - -45).
9
What is the value of -29 + 0 + -1 + -791 + 777?
-44
What is 8 - (-2 + -6 + 55 - (-7 + 9))?
-37
What is 162 - (61 - (-14 - 40))?
47
Evaluate 4 - -18 - (-66 + 63 + (-1 - (0 - -2))).
28
Calculate (174 - 5) + (-57 - (54 + -73)).
131
Evaluate (-4 - -33) + (-2 - 0 - (3 - (8 + 4))).
36
What is the value of (-1 - -6) + -354 + 327 + 14 + 1?
-7
What is the value of -2 + -1 + 70 - -4 - (-44 - -82 - 30)?
63
7 - (-14 + (10 + -13 - 2))
26
Calculate (-1046 - -1028) + 1 + 19.
2
Calculate 27 + (2 - ((42 - 0) + -13)).
0
Calculate -3 + -1 + (-6 - 13) + 30 + -17 - -36.
26
What 